= l**2 - 5*l. Let s(u) = i*r(u) - 7*n(u). What is s(-1)?
-3
Let b(h) be the third derivative of h**6/120 + h**5/10 - h**4/8 - 5*h**3/6 - 65*h**2. Give b(-7).
-33
Let z(u) = -2*u + 1. Let t(s) = -s**2 + 5*s + 2. Let p be t(5). Suppose p*w + 16 = -3*q, -5*q - 4*w = 33 - 3. Calculate z(q).
5
Let j(m) = -m**3 + m**2 + 3*m - 3. Let f be (4/5)/((-6)/(-15)). Determine j(f).
-1
Let z = -3 + 14. Let b(y) = -8 + 2*y + z - 2*y + 2*y. Determine b(-4).
-5
Let d(t) = -1. Let j(o) = -o - 2. Let l(a) = 2*d(a) - j(a). Let z be 0/(0 - 1/1). Let m be (z - -3) + (0 - 1). What is l(m)?
2
Suppose 10*h = 11*h + 6. Let n(i) = 2*i + 3. Calculate n(h).
-9
Let v(r) = 5*r**2 + 0*r**2 - 2*r**3 - 1 + r**3. Let a(y) = -2 - 11*y + 2 - y**3 + 5 - 12*y**2. Let s be a(-11). Calculate v(s).
-1
Let g = -21 - -14. Let w(i) = -i**3 - 6*i**2 + 7*i + 1. Determine w(g).
1
Let z(n) = -n**2 + 2*n + 2. Let c(b) = -b. Let j(i) = 6*c(i) - z(i). Calculate j(9).
7
Let t(x) be the third derivative of x**4/12 - x**3 - 2*x**2. Determine t(4).
2
Let m(p) = 15*p**2 - 14*p + 21. Let o(z) = 7*z**2 - 7*z + 10. Let c(d) = -6*m(d) + 13*o(d). Determine c(6).
-2
Let k(c) be the second derivative of c**3/6 + 3*c**2/2 - 2*c. Let a(y) = -3*y - 7. Let m(p) = -4*a(p) - 10*k(p). Let d be -1 + 2 - -1 - -2. Calculate m(d).
6
Let t = 1 + 5. Let a(q) = -7*q**2 - 12*q - 3. Let o(l) = 15*l**2 + 25*l + 6. Let c(r) = t*o(r) + 13*a(r). Determine c(-3).
6
Let d = -19 + 33. Let p = -9 + d. Let j(i) = -i**2 + 4*i. Calculate j(p).
-5
Suppose 6 = 5*g - 2*g. Suppose 17 = -2*p - 5*z, 2*z + 8 = -g*p - 0*z. Let c(x) = -2*x**2 + x. Give c(p).
-3
Let x(b) = 6*b - 5. Let z(y) = -5*y + 4. Let g(v) = 3*x(v) + 4*z(v). Give g(-7).
15
Let y = -4 - -2. Let w(o) = 4*o**3 - 20*o**2 + 12*o - 13. Let g(t) = t**3 - 5*t**2 + 3*t - 3. Let b(q) = y*w(q) + 9*g(q). Calculate b(4).
-5
Let r(c) = -5*c**3 - c**2 + 1. Let s be r(-1). Let v(t) = -t**3 + 5*t**2 - t + 4. Let q be v(s). Let b be -1 + 1 + (-1 - q). Let l(z) = -z - 6. Determine l(b).
-6
Let v(p) = -p**2 - 2*p + 1. Suppose 3*o - 4*o = -3*h - 10, -5*h - 20 = -5*o. Let w be 7 - 9 - (-1 + o). Give v(w).
1
Let h be 0/(-1)*(-1)/2. Let s(d) = 3 - 5*d + h*d + 2*d + d. Calculate s(3).
-3
Let t(l) be the second derivative of -l**3/3 + 7*l**2/2 - 2*l. Let v(q) = -4*q + 13. Let y(f) = 11*t(f) - 6*v(f). Give y(1).
1
Let s(n) = n**3 - 20*n**2 + 18*n + 17. Let x be s(19). Let w(g) = g + 1. Give w(x).
-1
Let j(o) = -26. Let v(s) = 1. Let d(r) = -2*j(r) - 44*v(r). Let l(y) = -y - 1. Let n(i) = -d(i) - 5*l(i). Calculate n(2).
7
Let i(v) = -v**3 - 3*v**2 + v - 3. Let u(l) = l**3 + 7*l**2 + l + 4. Let r be u(-7). Let z be 1*r/3*-7. Let f(o) = o - 10. Let c be f(z). Determine i(c).
-6
Let s(a) be the second derivative of -5*a**3/3 + 2*a**2 + 8*a. Let z(k) = -5*k + 2. Let b(d) = -4*s(d) + 9*z(d). What is b(2)?
-8
Let t be 7/3 + (-24)/(-36). Let z(h) = -h + 6. Calculate z(t).
3
Let q(c) = c**3 + 3*c**2 + 6*c + 2. Let n(v) = v**2 - v. Let k(r) = -n(r) - q(r). Give k(-3).
4
Suppose -4*d = -x - 0*d - 21, 12 = 3*x + 3*d. Let w = 2 - x. Let v(q) = -2 + 0*q**3 + w*q**2 + 0*q**3 - 2*q**3. Calculate v(2).
-6
Let u = -6 - -8. Let q(y) = 1 - y - 1 + 1 + 9*y**u. Calculate q(1).
9
Let q be ((-10)/(-21) + 1/(-7))*15. Let b(r) = -r + 1. Let h(s) = -s**2 + 3*s - 1. Let n(c) = 2*b(c) - h(c). Determine n(q).
3
Let b(s) be the third derivative of s**4/4 - s**3/6 + 10*s**2. Determine b(-1).
-7
Suppose 0*p - p - 9 = 0. Let s be 3/p - (-44)/6. Suppose 3 = 4*x + s. Let f(j) = 8*j**3 + 2*j**2 + j. What is f(x)?
-7
Let y(a) = -a**2. Let d(n) = -2*n**2 + 4*n - 2. Let q(u) = -d(u) + y(u). What is q(4)?
2
Let o(h) = -5*h. Let w(j) = -j - 11. Let b be w(-7). Let r(c) = -c**3 - 4*c**2 + 1. Let p be r(b). Calculate o(p).
-5
Let c(h) = h**3 - 9*h**2 + h - 7. Let y be c(9). Let m = 2 - y. Let l be (-2 + m)/1 - -2. Let f(n) = n**3 + n - 7. What is f(l)?
-7
Let v = 4 - 1. Suppose v*h + h + 14 = 2*i, 2*i = 2*h + 4. Let c(b) be the second derivative of -b**3/3 - 2*b. What is c(i)?
6
Let v(s) = -s**3 - s. Let q(y) = -y**3 - 5*y**2 - 6*y - 1. Let g be q(-3). Determine v(g).
2
Let u(z) be the third derivative of z**6/120 - z**5/10 - z**4/6 + z**3 + 22*z**2. Determine u(6).
-18
Let t(q) = -1 - 2*q + 3*q + q. Let m be 1/(-1) + -1 + -1. What is t(m)?
-7
Let y(c) = 3*c - 9. Let s be y(4). Let h(z) = z**3 - 3*z**2 - z + 4. Calculate h(s).
1
Let y(z) = -z - 6. Let b = 2 + 2. Suppose -u - 2*u = -9. Suppose -3*s - 4*v = -5, -b = -3*s + u*v - 34. Determine y(s).
-1
Let j(m) be the third derivative of 0*m + 1/24*m**4 + 2/3*m**3 + 0 - 4*m**2. Determine j(0).
4
Let p(v) = -v + 7. Let d be p(5). Let r(i) = -1 - 4*i**2 + 3*i**2 - 10 + 9. Determine r(d).
-6
Let u(g) be the third derivative of -g**6/120 + g**5/30 + g**4/24 - g**3/6 + 4*g**2. Let t be u(2). Let k(i) = -4*i**3 + 2*i**2 - i. What is k(t)?
-3
Let u be (-3)/(-3)*(-1 - 2). Let a(k) = k**3 + 2*k**2. Give a(u).
-9
Suppose 5*u = -3*i - 34, 5*u + 16 = 4*i - i. Let h(l) = -l - 8. Calculate h(u).
-3
Suppose -4*i + 44 = y, -i = 2*i + 3*y - 33. Let a(f) = f - 1. Let b be a(10). Suppose 5*l - b - i = 0. Let k(p) = p**3 - 5*p**2 + 3*p + 4. Calculate k(l).
0
Let q(k) be the first derivative of -k**2/2 - 7*k - 6. Determine q(-5).
-2
Suppose 0 = -r, 2*m - 3 = 5*r + 5. Suppose m*w - 28 = p + 2*p, 0 = -2*w - 2*p. Let l(k) = k**3 - 3*k**2 - 4*k + 2. Calculate l(w).
2
Suppose -3*v = -4*n - 4, 4*n + 0*v + 2*v + 24 = 0. Let i(q) = q**3 + 5*q**2 - 4. What is i(n)?
12
Let n(h) be the third derivative of -h**4/24 - h**3/6 + h**2. Suppose 7*y + 45 = 24. Give n(y).
2
Let d(u) = -u - 19. Let k(g) = g + 29. Let b(l) = 8*d(l) + 5*k(l). Calculate b(-5).
8
Let l be (-3)/6 + (-21)/(-6). Let v(u) = u**l - 4*u + u - 2*u + 3*u**2. Determine v(-4).
4
Let k(m) = -m**3 + 2 - 8*m**2 - 4*m + 25*m**2 - 13*m**2. Give k(3).
-1
Let o(s) = s - 4. Let w(a) = -7*a**3 - 2*a**2 - 2*a - 1. Let q be w(-1). Suppose -5*h + 4*j = -0*h - q, -2*j + 2 = 0. Calculate o(h).
-2
Let r = -6 - 4. Let m(o) = -o - 2. Calculate m(r).
8
Let g(d) = 1. Let o(f) = f - 3. Let h(m) = -3*g(m) - o(m). Suppose -4*b - 12 = 2*j - j, 3*b = 2*j + 2. Let y = 1 + b. Determine h(y).
1
Let y(p) = -p**2 - p - 1. Let q(m) = m**3 + m**2 + 3*m + 3. Let n(b) = q(b) + 4*y(b). Let t = 8 + -5. What is n(t)?
-4
Let j = 2 - 4. Let v = j + 4. Suppose u + v*y - 8 = 5, -5*u - 2*y = -25. Let q(z) = -z**3 + 3*z**2 - 1. Give q(u).
-1
Let k = 11 + -7. Let v = 4 - k. Let f(i) = -i**2 + 8 - 3 + v*i + i. What is f(0)?
5
Let n(y) = 2*y**2 - 5*y + 4. Let j be (-6)/(-2) + 0/7. Give n(j).
7
Let l be (44/24)/(-11)*-6. Let j(v) be the first derivative of l - 2*v**2 + 1/3*v**3 + 3*v. Determine j(5).
8
Let b(s) = 3*s - 1 + s - 5*s. Let a be 1 + 2 + -1 - 1. Let h = a + -5. Give b(h).
3
Let j = -31 + 16. Let c(i) = i + 18. What is c(j)?
3
Let v(b) be the first derivative of -b**4 - b**2/2 + b - 23. What is v(1)?
-4
Let j(p) = -p**2 - 4*p + 2. Suppose 5*v - 9 = 2*v. Let r = 10 + -6. Suppose l - v*a - 2 - 8 = 0, -15 = -l + r*a. Calculate j(l).
-3
Let n = -1 + -4. Let v(z) = 17*z + 21*z - 54*z + 12 + 17*z. Calculate v(n).
7
Let i be (12 - 4)/((-2)/(-3)). Suppose g - i = -g. Let o(k) = k - 8. Calculate o(g).
-2
Let v(y) = 7*y + 7. Let g(a) = -4*a - 3. Let t(n) = -5*g(n) - 3*v(n). Let x(o) = 2*o**2 + o + 1. Let c be x(-1). Suppose c*m = -m. Calculate t(m).
-6
Let d = -11 - -16. Suppose n = d*n. Let b(c) = -c**3 + c**2 + c - 5. What is b(n)?
-5
Let j(l) = -4*l**2 + 5 - 2*l**2 + 2*l + 5*l**2. Suppose v = 4*m, -v - 9*m + 7 = -6*m. What is j(v)?
-3
Let y(l) = -3*l**2 + 2*l + 1. Suppose 3*s + 2*o - 6*o + 74 = 0, 4*s = 4*o - 92. Let c = -19 - s. Calculate y(c).
-4
Let j(v) = 0 + 1 + 23*v**2 - 24*v**2 + 4 - 4*v. What is j(-5)?
0
Let c(s) = -s**2 + 3*s. Let j be c(3). Suppose -n + 2*b - 7 = -0*b, 2*n - 5*b + 19 = j. Let f(y) = -y**2 - 2*y**2 + 2 + 6*y - y**2 - y**n. Determine f(-5).
-3
Let s be (8/(-6))/(-1 + 44/36). Let m(y) = -y**3 - 3*y**2 - 2 + 1 - 3*y**2. Calculate m(s).
-1
Let n(u) = u**2 + 5*u - 4. Let p be (5*2)/((-9)/((-54)/(-12))). What is n(p)?
-4
Let i(u) be the third derivative of u**6/120 - u**5/6 - 11*u**4/24 + u**3/6 - 28*u**2. Determine i(11).
1
Suppose 0 = -4*o + 2 + 34. Let r be 3/o*(-12)/2. Let b(s) = 3*s**2 + 2*s - s - 2 - s**2. What is b(r)?
4
Let y(x) = x + 5. Let h be y(-8). Let k be (1/(-3))/(3/(